Let i(r) = 27*r - 5. What are the prime factors of i(3)?
2, 19
Let i be (4/(-5))/(8/60). Let w(u) = -9*u - 10. List the prime factors of w(i).
2, 11
Suppose 0 = 4*j + 5*h - 4*h - 250, 4 = -2*h. What are the prime factors of j?
3, 7
List the prime factors of (-1)/(1 - 2 - 756/(-763)).
109
Suppose -4*h + 86 = -3*h. List the prime factors of h.
2, 43
Suppose 4*f - t = 636, -494 = -3*f - 3*t + 8*t. List the prime factors of f.
2, 79
List the prime factors of (5 - 6)/((-3)/957).
11, 29
Suppose 120 = 5*i - 30. List the prime factors of i.
2, 3, 5
Let p be (2 - 36/15)*-35. Let k = p - 0. What are the prime factors of k?
2, 7
Let x = 17 - 7. Suppose -3*g + i + 111 = 0, -1 + x = -3*i. Suppose -8*k + 4*k + g = 0. List the prime factors of k.
3
Let u = -24 + 36. Suppose -3*p = -4*p + u. Suppose 2*i = 2*b + 12 - 30, 2*b - p = 5*i. What are the prime factors of b?
11
Let o be -1 + 0 - 1/(-1). Suppose 0*h - 4*h + 8 = o. What are the prime factors of h?
2
Suppose -5*r - 6 = -16. Suppose l + 18 = -5*n, 8*l - 3*l = 4*n + 26. Suppose -l*w - r + 6 = 0. List the prime factors of w.
2
Let n(h) = -h**2 - 18*h + 9. Let a be n(-11). Suppose 4*d + 2*f - a = 0, 0 = -2*d - f + 3*f + 46. What are the prime factors of d?
2, 11
Let z be ((-1)/(-2))/(2/52). Let h = 25 - z. List the prime factors of h.
2, 3
Suppose -2 = 4*z + 70. Let v be 2/(-3) + (-28)/21. List the prime factors of z/v - 2*1.
7
Let q(a) = -15*a + 3. Let i(s) = 1. Let p(r) = -i(r) + q(r). List the prime factors of p(-2).
2
Suppose -2*j + 70 = -j. Suppose -6*y + y + j = 0. Suppose -w = w - y. List the prime factors of w.
7
Let p be (39/(-3))/(2/8). Let g = -36 - p. Let z = g - 5. List the prime factors of z.
11
Suppose -10*n - 8*n + 1458 = 0. List the prime factors of n.
3
Suppose -5*w + 9 = 3*v - 23, 8 = w + v. Let a(b) be the second derivative of b**4/12 - b**3/2 - b**2/2 + 5*b. What are the prime factors of a(w)?
3
Let v be 11 - 5 - (-3)/(-1). Let l = 11 + v. List the prime factors of l.
2, 7
Let m be (-2)/(-6)*3 + 1. Suppose 0 = 3*f - m*t + 6 - 1, -2 = -2*t. Let g = f + 3. List the prime factors of g.
2
Let h(t) = t - 3. Let x be h(8). Suppose x*a = 2*b + 153 - 55, a = 5*b + 38. What are the prime factors of a?
2, 3
List the prime factors of 2630/15 + -1 + 4/6.
5, 7
Let w(n) = 29*n**2 - 1. What are the prime factors of w(1)?
2, 7
Suppose 0 = 3*y + 6, -y + 11 = 4*r - 3. Suppose -l + 26 = -3*i, 77 = r*l - i - 38. List the prime factors of l.
29
Let k(q) = 2*q - 7. Let o be k(5). Let m = 5 - o. What are the prime factors of (5 - 3) + 20/m?
2, 3
Let y be 331/7 - 4/14. Suppose 5*r + 7 = y. What are the prime factors of r?
2
Suppose q = -v + 297, 3*q = q - 4. What are the prime factors of v?
13, 23
Let h = -4 - -2. List the prime factors of (1 - h)*(-1 - -8).
3, 7
Suppose -2*l + 5*l - 9 = 0. Let q(j) = 6*j**2 - 3. What are the prime factors of q(l)?
3, 17
Let k(y) = y**3 - 5*y**2 - 7*y + 15. List the prime factors of k(6).
3
Let l(n) = 4*n + 11 - 4*n + 2*n + 0. Let r be l(-8). Let t = 10 + r. What are the prime factors of t?
5
Suppose -3*t + 4*m = -8*t + 688, 0 = -5*m - 15. Suppose 0 = k - 6*k + t. What are the prime factors of k?
2, 7
Let x(c) = 5*c - 1. Let g be x(-4). List the prime factors of 9/g + 796/28.
2, 7
Let h(c) = -2*c**2 + c. Let s be h(1). Let g be 2 - 0*s/(-2). Suppose 0 = 2*k - q - 30, 2*q = -g*k - k + 52. List the prime factors of k.
2
Suppose 0 = 4*u - 827 + 155. List the prime factors of u.
2, 3, 7
Let i(b) = b**3 + 7*b**2 + 6*b + 3. List the prime factors of i(-5).
23
Let r = 65 - 17. Suppose r = 2*x - 32. List the prime factors of x/(-12)*36/(-10).
2, 3
Let g be (2 - 3 - 3)*-8. Let x(s) = -s + 3. Let n be x(3). Suppose -4*m = 2*c - 42, n = 2*m - c + 5 - g. What are the prime factors of m?
2, 3
Let d(f) = -3. Let z(n) = -2. Let x(m) = -d(m) + 3*z(m). Let r(h) = h - 4. Let j(g) = 3*r(g) - 4*x(g). List the prime factors of j(2).
2, 3
Let p(q) be the third derivative of q**5/60 + q**4/6 - 11*q**3/6 + 4*q**2. List the prime factors of p(-8).
3, 7
What are the prime factors of (8 - -80) + (-12)/((-3)/1)?
2, 23
Let b(g) = g**2 - 17*g + 23. List the prime factors of b(20).
83
Suppose -2*f + 103 = a, 5*f = -2*a + 4*a + 262. What are the prime factors of f?
2, 13
Suppose -11 = -2*g + 3. Suppose -5*m = 3*k + k - g, 5*k + 7 = -m. What are the prime factors of m?
3
Suppose 2*i - 3*i + 40 = 0. What are the prime factors of i?
2, 5
Let k(l) = l**3 - 15*l**2 - 8*l + 17. Let a(f) = f**3 - 16*f**2 - 9*f + 18. Let j(y) = 5*a(y) - 6*k(y). What are the prime factors of j(10)?
2, 3
Suppose -r = 5*v - 15, -r - r - v + 12 = 0. Suppose 42 = 5*n - 2*a, -r*n = 7*a - 3*a - 66. What are the prime factors of n?
2, 5
Let t = -22 - -14. Let g be 14/t - 5/20. List the prime factors of (g + (-15)/(-6))*20.
2, 5
Let u be 0/(((-27)/3)/3). Let t = u + 5. List the prime factors of t.
5
Let h be 21*1*(-5)/(-15). Let q = h - 3. Suppose -q*n = -4*k + 40, 9 = k - 3*n - 9. List the prime factors of k.
2, 3
Let s(m) be the second derivative of -m**4/12 - m**3/2 - 3*m**2/2 - 2*m. Let p be s(-4). Let a = p - -10. What are the prime factors of a?
3
Let h(r) = -r**3 - 12*r**2 + 12*r + 3. What are the prime factors of h(-13)?
2
Let j(c) = -c**2 + c + 4. Let n be j(0). Let a = n + 12. Let x = a - 7. List the prime factors of x.
3
Suppose 7 + 6 = t + 3*c, 2*t + 18 = 5*c. Let p be (t/(-1))/((-2)/6). Suppose -2*n - 14 + 54 = -2*w, 0 = p*w + 12. What are the prime factors of n?
2
Suppose -12 - 13 = -5*t. Suppose t*a = -3*l + 16, 0*a + 4*l = -3*a + 3. List the prime factors of a.
5
List the prime factors of 12*((-260)/16)/(-5).
3, 13
Let x = 6 - 8. Let o be (-50)/x - (-1 + 1). Suppose 5*b + o = 2*z, -2*z + 14 = -b - 7. List the prime factors of z.
2, 5
Let d = 503 + -290. What are the prime factors of d?
3, 71
Let l be (6 + 1)*(-4)/(-14). Suppose -k = d - 11, 2*d + 4 = -l*d. What are the prime factors of k?
2, 3
What are the prime factors of (-3)/(-6) + (-316)/(-8)?
2, 5
Suppose -w + 2*w = 3. List the prime factors of (4 - w)*(4 - 2).
2
Let r be 114 + 1 - (1 - -2). Suppose 151 = -c + 6*c + t, 0 = 4*c + 3*t - r. What are the prime factors of c?
31
Let z = 90 - 31. List the prime factors of z.
59
Let u(w) = 12*w**2 - 2*w + 4. Let c(i) = -i**3 + i**2 - i - 4. Let y be c(0). Let q be u(y). List the prime factors of q/10 + (-2)/5.
2, 5
Let k(h) = h**2 - 17*h - 6. Let u(n) = 2*n**2 - 33*n - 13. Let x(o) = -7*k(o) + 3*u(o). List the prime factors of x(17).
2, 3
Let l be (-1)/6 - (-229)/6. Let w be 1*l/(-4)*2. Let x = 31 + w. What are the prime factors of x?
2, 3
Suppose l + 0*l + 3 = 0. Let x(i) = i**2. What are the prime factors of x(l)?
3
Suppose -2*b = 5*x - 61 - 309, -3*x + b + 233 = 0. List the prime factors of x.
2, 19
Let d(r) be the third derivative of -r**5/60 + r**4/24 - 7*r**3/2 - 2*r**2. Let m be d(0). What are the prime factors of (-5)/(-15)*m/(-1)?
7
Suppose -3*m + 119 = 4*y, -160 = -5*y + 2*m - 40. List the prime factors of y.
2, 13
Suppose -3*r + f + 199 = 61, 0 = -4*r + 4*f + 184. Let d = r - 28. What are the prime factors of d?
2, 3
Let b = -5 + 12. What are the prime factors of b/2*4/7?
2
Let o = 3 + -8. Let k(w) = -w**3 - 3*w**2 + 5*w + 5. Let g be k(o). Suppose 4*p = -2*y + 82, -3*y - 9 = -3*p + g. What are the prime factors of p?
2, 3
Let c(x) = x + 30. What are the prime factors of c(-20)?
2, 5
Let q be (4 - 5)/((-2)/124). Let o = -44 + q. List the prime factors of o.
2, 3
Let w(j) = -j - 5 + 4 - 9. Let d be w(-9). Let b = d + 9. List the prime factors of b.
2
Let u(t) = -t**2 - 4. Let m = 3 + -3. Let l be u(m). List the prime factors of (1 - 13)*3/l.
3
Suppose -5*q = -f + 34, -f + 3*q + 0*q = -28. What are the prime factors of f?
19
Let n = -2 - 2. Let u = 9 + n. Suppose -5*x + 7 = -3*d, 3 = -x + u*d - 0*d. List the prime factors of x.
2
Let d(z) = z**3 - 10*z**2 - z + 9. Let r be d(10). List the prime factors of (0 - -2) + (1 - r).
2
Let m = -19 - -66. List the prime factors of m.
47
Let o = 85 - 53. Let k = o + -15. List the prime factors of k.
17
Let k = 1 - 5. Let x(t) = -8*t - 6. Let y be x(k). Suppose 8 = -q - q + 5*b, -q + y = 5*b. What are the prime factors of q?
2, 3
Let q(p) = p + 3 - 5*p + 4*p - 3*p. List the prime factors of q(-3).
2, 3
Let c(a) = 3*a**3 - a. Let j be c(2). Suppose n = -5*p + 24, 3*p = -n - p +